hat is w(-5)?
7
Let z(f) = f + 1. Let q(i) = 8*i + 7. Let o(d) = -2*q(d) + 14*z(d). What is o(-6)?
12
Let b(w) be the first derivative of -w**7/280 + w**6/360 + w**5/120 - 2*w**3/3 + 1. Let q(x) be the third derivative of b(x). Give q(-1).
3
Let d(u) = -u**3 + u**2 - 2. Let b be (0/(-2))/((-7)/(-7)). Calculate d(b).
-2
Let q be 6/(-27) - 87/(-27). Let g(j) = j**3 - 2*j**2 - 1. Let c be g(q). Let r(f) = f - 5. Determine r(c).
3
Let t(z) = 2 + 1 + 5*z + 2*z - 6*z. What is t(-5)?
-2
Let q(l) = l**2 + 2*l - 1. Let g be ((-8)/24)/((-2)/(-18)). Let y be (-14)/5 - g/(-15). What is q(y)?
2
Let j(h) = h**2. Let s(r) = -11*r**2 + 1. Let g(l) = -4*j(l) - s(l). Let b = 3 + -2. Give g(b).
6
Let j be 3/((-3)/2)*(-86)/43. Let i = 0 - -3. Let v(p) = 6*p**3 - 3*p**3 - 4*p**2 - 2*p**i. Calculate v(j).
0
Suppose -5*t + 6 = -2*z - 0*z, 0 = 5*z - 2*t + 15. Let j(d) = -2*d**2 - 2*d + 4. Give j(z).
-8
Let y(c) be the second derivative of -c**6/360 + c**4/12 + c**3/3 - 3*c. Let z(w) be the second derivative of y(w). Calculate z(0).
2
Let t(h) = -11*h + 1. Let w(k) be the third derivative of k**4/2 - k**3/6 - 4*k**2. Let m(a) = 3*t(a) + 2*w(a). Give m(1).
-8
Let y(v) = 2*v**3 + 8*v**2 - v + 7. Let o(s) = -s**3 - 4*s**2 - 3. Let x(c) = -9*o(c) - 4*y(c). Let l be 1/(-2 - -1) - 5. Let r = -9 - l. What is x(r)?
-4
Let z(n) = n + 1. Let b(c) be the third derivative of c**5/60 + c**4/12 - 5*c**3/6 + c**2. Let h(j) = b(j) + 4*z(j). Determine h(-5).
-6
Let r be (-1 - -1)/(2 + 0). Let v = r - 0. Let s(x) = -17*x**3 + 3 + 14*x**3 + 4*x**3 - x. Determine s(v).
3
Let o(f) = f**3 - 4*f**2 + 2*f + 2. Let v be o(4). Suppose 0*s + v = -2*s. Let z(j) = -j**2 - 5*j + 2. Calculate z(s).
2
Let b(a) be the first derivative of -a**4/4 - a**3/3 + a**2 - a - 3. Suppose 0 = -p - 4*p + 5. Determine b(p).
-1
Let c be 3/(1/(6/9)). Suppose c*a + 3 = 5. Let z(m) = 2*m**2 + m + 1. Let q(f) = 2*f**2 + f + 2. Let u(b) = -2*q(b) + 3*z(b). Give u(a).
2
Suppose -6 = 5*h - 1. Let o(f) = -4*f**3 - f**2. Determine o(h).
3
Let m(v) = -v + 1. Suppose 0*u + 3*u = 5*r - 1, u = r - 1. Let y(f) = f - 6. Let c(k) = r*y(k) - 5*m(k). Suppose 12 = 4*p, -6*l + 2*l = -p + 11. Give c(l).
-7
Let a(s) be the third derivative of s**4/8 - 5*s**3/6 + s**2. Let p = 3 - 7. Let g be (p/(-6))/((-7)/(-42)). Determine a(g).
7
Let y = -7 + 9. Suppose 2 = y*d - 8. Let j(x) = -x**2 + 7*x + 4. Give j(d).
14
Let x = 3 + -3. Let s = 4 - x. Let u(d) = 3*d**3 + 0*d**3 - 2 - 5*d**2 - s*d**3. What is u(-5)?
-2
Let i(n) = 0*n**3 - 4*n**2 - 3*n + n**2 - n**3. Let s = 13 - 16. Determine i(s).
9
Let u be (3 - (0 + 1)) + -2. Suppose m = 4 - 2. Let i(k) = -3 - m*k**2 + 2*k - k + k**3 + 3*k**2. Determine i(u).
-3
Let y(z) = -z + 1. Let r(v) = -6*v**2 - 8*v + 2. Let l(k) = -r(k) + y(k). Let x(h) = -11*h**2 - 13*h + 1. Let i(g) = 7*l(g) + 4*x(g). What is i(-3)?
-12
Let r(t) = 0 + 7 - 2 - 2 - 6*t. Suppose -1 = i - 3. What is r(i)?
-9
Let a(b) be the first derivative of b**3/3 + 2*b**2 + 2*b + 74. Let p be 5/(1 - 0 - 2). What is a(p)?
7
Let i be 2/4*(-2 - 0). Let u(l) be the third derivative of 1/6*l**4 - 4*l**2 + 0*l + 0*l**3 + 0. What is u(i)?
-4
Suppose -4*z = -17 + 9. Let l(v) be the first derivative of 0*v + 0*v**2 + v**3 + 1/2*v**4 + z. Determine l(-2).
-4
Let w(x) = -2*x - 1. Let d(k) = -4*k**2. Let i be d(-2). Let g = i - -7. Let h = g + 5. Calculate w(h).
7
Let n(h) = -h**3 + 10*h**2 + h - 14. Let z be n(10). Let f(o) = 3*o + 6. Give f(z).
-6
Let v(q) be the second derivative of -q**3/6 + q**2/2 + 2*q. Let j(s) = 1. Let g(d) = 4*j(d) - 5*v(d). Determine g(1).
4
Let q(d) = 4*d + 6. Suppose 6*y - 2*y - 20 = 0. Let o(g) = -2*g - 5. Let i(u) = u. Let h(c) = 2*i(c) - o(c). Let f(p) = y*q(p) - 6*h(p). Give f(1).
-4
Let m(z) = 3*z + 26. Let n(f) = f + 9. Let y(o) = -6*m(o) + 17*n(o). Calculate y(0).
-3
Let h(j) = -5*j - 14. Let g(p) = 3 + 3*p - 3 + 7. Let z(b) = -7*g(b) - 4*h(b). Give z(3).
4
Let l(b) = -6*b - 3. Let r be (-4)/(-16) - 18/8. What is l(r)?
9
Let s(i) = 3*i**2 + 6*i + 5 - 10*i**2 + 9*i**2. Calculate s(-4).
13
Suppose -o + 18 = -2*v + 4, -2*v + 16 = 2*o. Let p(i) = -o + 6 + i + i + 0*i. What is p(4)?
4
Let t(z) be the first derivative of -z**3/3 + 3*z**2/2 - 3*z - 12. Calculate t(4).
-7
Let z(n) = n**2 + 8*n - 5. Let d be z(-9). Let u(y) = y - 3. What is u(d)?
1
Let k(d) be the first derivative of d**4/4 + 5*d**3/3 - 2*d**2 + 8*d - 62. Give k(-6).
-4
Let r(w) = -2 + 2*w - w - w**2 - w - 4*w. Give r(-2).
2
Suppose 6 = -4*v + 6*v. Suppose 0 = -v*h, -3*h + 12 = 4*b + h. Let p(m) = 2*m + 1. Calculate p(b).
7
Let l(k) = -k + 4. Let d = 28 + -20. Let n(p) = p - 5. Let y be n(d). What is l(y)?
1
Let c(w) = 4*w**2 - 2*w**3 + 5*w**3 + 2 + 1 + 2*w. Let m(s) = 8*s**3 + 12*s**2 + 6*s + 10. Let i(y) = -11*c(y) + 4*m(y). Suppose 4*v - 25 = -v. Calculate i(v).
-8
Let h be (1 - -2) + 6/3. Let v(l) = 2 + 5*l + l**2 - 3 - h. Determine v(-6).
0
Let d(y) = -y**3 - 6*y**2 - 5*y - 2. Suppose 0 = -j - j + 4. Suppose -4*s = 54 - j. Let r = s + 8. Give d(r).
-2
Let d(u) = -u - 7. Suppose 2*w - 14 = 2. Suppose 3*x + 6 = 6*x. Suppose -2 - w = x*l. Calculate d(l).
-2
Let d(v) = -3*v - 2. Let z(w) = -1. Let q(s) = -d(s) + 3*z(s). Let l be 2*(-1)/(-5)*-5. Calculate q(l).
-7
Let s(r) be the first derivative of r**2/2 - r - 12. Let h(i) = -i - 20. Let x be h(-14). What is s(x)?
-7
Suppose 5*n = h + 5, -3*h + 1 + 4 = 5*n. Let x(g) = -g**3 + g**2 - g + 7. What is x(h)?
7
Suppose -3*n - 5*t = -11, 4*n = 3*t + 4 + 1. Let o(r) = -3 - n*r + 2*r + 0*r + r. Determine o(3).
0
Let t = -1 - -1. Suppose t*x + 9 = x + p, -5*p = -4*x. Let c(g) = -g**3 + 6*g**2 - 2*g - 7. Give c(x).
8
Let i(f) = -f**2 - 6*f + 2. Let b = 5 + -5. Suppose -3 = 4*w + 17, -4*z + w - 15 = b. What is i(z)?
7
Let c(d) be the first derivative of 2*d**2 + 9*d - 3. Calculate c(-6).
-15
Let l(y) = 2*y**2 - 3*y - 2. Let d(j) = -1. Let o(i) = -5*d(i) + l(i). Determine o(-3).
30
Let z(w) = -w**2 + w - 1. Let n = -8 + 3. Let p(l) = l**2 - 2*l. Let d(c) = n*p(c) - 6*z(c). Let m(q) = q + 1. Let y(a) = -d(a) + 3*m(a). Determine y(0).
-3
Let y(m) = m**2 + 5*m + 1. Suppose 0 = 10*u - 14 + 44. Determine y(u).
-5
Let k(s) be the third derivative of 2*s**2 - 2/3*s**3 + 0*s - 7/24*s**4 - 1/60*s**5 + 0. Give k(-5).
6
Let g(i) be the second derivative of -i**3/3 - i**2/2 - 7*i. Give g(1).
-3
Suppose -5*f = f - 12. Let y(l) be the first derivative of -1/2*l**f - 5*l - 3. What is y(-4)?
-1
Let n(l) = 7*l**3 + 15*l**2 + 8*l - 9. Let w(o) = 13*o**3 + 29*o**2 + 16*o - 17. Let r(h) = -11*n(h) + 6*w(h). Calculate r(-8).
-3
Let w(r) = 3*r**3 + r**2 - 2*r - 4. Let c(k) = -4*k**3 - k**2 + 3*k + 3. Let l(p) = -2*c(p) - 3*w(p). Calculate l(0).
6
Let j(b) be the third derivative of 0 + 7/24*b**4 - b**3 + 0*b + 3*b**2 - 1/60*b**5. Determine j(5).
4
Let f(z) = z**3 - 4*z**2 + z + 4. Let m(d) = 3*d - 9. Let x be m(11). Let j be (3 - x)*1/(-3). Let c = 10 - j. Determine f(c).
-2
Let x(o) be the third derivative of 1/6*o**3 + 0*o + 1/15*o**5 + 0*o**4 + o**2 + 0. Give x(1).
5
Let o(h) be the second derivative of h**4/12 + 4*h**3/3 + 3*h**2 - 26*h. Give o(-7).
-1
Let c(n) be the third derivative of n**5/60 + n**4/12 - n**3/2 - 28*n**2. Calculate c(-4).
5
Let s(c) = -c + 14. Let h be s(9). Let i be h*(-2 + 7/5). Let j(f) = -f**2 - 4*f - 1. Determine j(i).
2
Let k(j) = -j**2 + 12*j - 15. Let z be k(10). Suppose -2*h - 4 = -10. Let v(d) = -4*d**3 - 7*d + 6 - 4*d**2 + 0*d + 6*d**h - d**3. Calculate v(z).
-4
Let o(x) = -x - 7. Let m(s) = -2*s. Let u(p) = -p**2 - 10*p - 7. Let q be u(-9). Let k be m(q). Determine o(k).
-3
Let o(p) = -p**3 - 4*p**2 + 5*p + 5. Let s(w) = -w**2 - 2*w - 5. Let k be s(0). What is o(k)?
5
Let r(g) = -1. Let w(b) = -b - 1. Let x(z) = -3*r(z) - w(z). What is x(6)?
10
Let i(j) = j**3 - 2*j**2 - 5*j + 2. Let o = 13 + -13. Suppose r + 3*r = 4*z + 28, 5*r + 4*z + 1 = 0. Let m = r + o. What is i(m)?
-4
Suppose 2*l = 7*l - 20. Let i(g) = -g**2 + g + 6. Let b be i(l). Let c(a) = a**2 + 8*a + 8. Give c(b).
-4
Let u(i) = -i + 13. Let x be u(8). Let t(q) be the second derivative of -q**5/20 + 5*q**4/12 - 2*q**2 + q. Give t(x).
-4
Let j(b) = 2*b. Suppose -18 = -3*x + 3. Let f = x + -11. What is j(f)?
-8
Let m(b) = -16*b - 25. Let j(h) be the first derivative of 11*h**2/2 + 17*h + 2. Let s(u) = -7*j(u) - 5*m(u). Suppose -5 - 10 = 3